{"id":66897,"date":"2008-11-29T18:29:45","date_gmt":"2008-11-29T17:29:45","guid":{"rendered":"https:\/\/shrazvoj.dev-acenta.si\/aktivnost\/sevniski-grad-sevnica\/"},"modified":"2026-08-31T14:04:54","modified_gmt":"2026-08-31T12:04:54","slug":"castello-di-sevnica","status":"publish","type":"aktivnost","link":"https:\/\/shrazvoj.dev-acenta.si\/it\/sevniski-grad-sevnica\/","title":{"rendered":"Castello di Sevnica"},"content":{"rendered":"<p>L'imponente castello di Sevnica sorge su un'altura sopra il vecchio nucleo storico di Sevnica. La propriet\u00e0 fu dapprima della duchessa Emma di Gurk, dalla quale pass\u00f2 nelle mani degli arcivescovi di Salisburgo, per poi cambiare ancora alcuni proprietari. <\/p>\n<p>&nbsp;<\/p>\n<p>Una particolarit\u00e0 dell'assetto del giardino del castello sono le terrazze coltivate, mentre l'interno colpisce per le ricche pitture, tra le quali spiccano gli affreschi barocchi delle quattro stagioni. Nelle sale del castello si trovano oggi, tra l'altro, una magnifica sala conferenze, una sala per i matrimoni, un museo dei vigili del fuoco e della scuola, un museo sui deportati e una galleria espositiva. <\/p>\n<p>&nbsp;<\/p>\n<p>Il vivace ritmo culturale del castello \u00e8 dato dagli eventi culturali dell'estate castellana di Sevnica, mentre numerose leggende e aneddoti lo avvolgono in un velo di mistero. Alcuni sono legati anche all'antica sala di preghiera protestante, la cantina di Lutero.<\/p>","protected":false},"featured_media":67720,"template":"","meta":{"_acf_changed":true,"_breakdance_hide_in_design_set":false,"_breakdance_tags":""},"categories":[2977,2976,3145],"tags":[],"kraj":[2729],"regija":[2455],"class_list":["post-66897","aktivnost","type-aktivnost","status-publish","has-post-thumbnail","hentry","category-gradovi","category-kultura-zgodovina","category-vsa-dozivetja","kraj-sevnica","regija-zasavsko-posavska"],"acf":[],"yoast_head":"<!-- This site is optimized with the Yoast SEO plugin v28.3 - https:\/\/yoast.com\/product\/yoast-seo-wordpress\/ -->\n<title>Sevni\u0161ki grad - Sloveniaholidays.com<\/title>\n<meta name=\"description\" content=\"Mogo\u010den sevni\u0161ki grad stoji na vzpetini nad starim mestnim jedrom Sevnice. Posest je bila sprva v lasti kneginje Eme Kr\u0161ke, po kateri je pre\u0161la v roke...\" \/>\n<meta name=\"robots\" content=\"noindex, follow, max-snippet:-1, max-image-preview:large, max-video-preview:-1\" \/>\n<meta property=\"og:locale\" content=\"it_IT\" \/>\n<meta property=\"og:type\" content=\"article\" \/>\n<meta property=\"og:title\" content=\"Sevni\u0161ki grad - Sloveniaholidays.com\" \/>\n<meta property=\"og:description\" content=\"Mogo\u010den sevni\u0161ki grad stoji na vzpetini nad starim mestnim jedrom Sevnice. Posest je bila sprva v lasti kneginje Eme Kr\u0161ke, po kateri je pre\u0161la v roke...\" \/>\n<meta property=\"og:url\" content=\"https:\/\/shrazvoj.dev-acenta.si\/it\/castello-di-sevnica\/\" \/>\n<meta property=\"og:site_name\" content=\"Sloveniaholidays.com\" \/>\n<meta property=\"article:modified_time\" content=\"2026-08-31T12:04:54+00:00\" \/>\n<meta property=\"og:image\" content=\"https:\/\/shrazvoj.dev-acenta.si\/wp-content\/uploads\/media\/providers\/gallery\/client-sevniski-grad-sevnica-1.jpg\" \/>\n\t<meta property=\"og:image:width\" content=\"438\" \/>\n\t<meta property=\"og:image:height\" content=\"307\" \/>\n\t<meta property=\"og:image:type\" content=\"image\/jpeg\" \/>\n<meta name=\"twitter:card\" content=\"summary_large_image\" \/>\n<meta name=\"twitter:label1\" content=\"Est. reading time\" \/>\n\t<meta name=\"twitter:data1\" content=\"1 minuto\" \/>\n<script type=\"application\/ld+json\" class=\"yoast-schema-graph\">{\"@context\":\"https:\\\/\\\/schema.org\",\"@graph\":[{\"@type\":\"WebPage\",\"@id\":\"https:\\\/\\\/shrazvoj.dev-acenta.si\\\/sevniski-grad-sevnica\\\/\",\"url\":\"https:\\\/\\\/shrazvoj.dev-acenta.si\\\/sevniski-grad-sevnica\\\/\",\"name\":\"Sevni\u0161ki grad - Sloveniaholidays.com\",\"isPartOf\":{\"@id\":\"https:\\\/\\\/shrazvoj.dev-acenta.si\\\/#website\"},\"primaryImageOfPage\":{\"@id\":\"https:\\\/\\\/shrazvoj.dev-acenta.si\\\/sevniski-grad-sevnica\\\/#primaryimage\"},\"image\":{\"@id\":\"https:\\\/\\\/shrazvoj.dev-acenta.si\\\/sevniski-grad-sevnica\\\/#primaryimage\"},\"thumbnailUrl\":\"https:\\\/\\\/shrazvoj.dev-acenta.si\\\/wp-content\\\/uploads\\\/media\\\/providers\\\/gallery\\\/client-sevniski-grad-sevnica-1.jpg\",\"datePublished\":\"2008-11-29T17:29:45+00:00\",\"dateModified\":\"2026-08-31T12:04:54+00:00\",\"description\":\"Mogo\u010den sevni\u0161ki grad stoji na vzpetini nad starim mestnim jedrom Sevnice. Posest je bila sprva v lasti kneginje Eme Kr\u0161ke, po kateri je pre\u0161la v roke...\",\"breadcrumb\":{\"@id\":\"https:\\\/\\\/shrazvoj.dev-acenta.si\\\/sevniski-grad-sevnica\\\/#breadcrumb\"},\"inLanguage\":\"it-IT\",\"potentialAction\":[{\"@type\":\"ReadAction\",\"target\":[\"https:\\\/\\\/shrazvoj.dev-acenta.si\\\/sevniski-grad-sevnica\\\/\"]}]},{\"@type\":\"ImageObject\",\"inLanguage\":\"it-IT\",\"@id\":\"https:\\\/\\\/shrazvoj.dev-acenta.si\\\/sevniski-grad-sevnica\\\/#primaryimage\",\"url\":\"https:\\\/\\\/shrazvoj.dev-acenta.si\\\/wp-content\\\/uploads\\\/media\\\/providers\\\/gallery\\\/client-sevniski-grad-sevnica-1.jpg\",\"contentUrl\":\"https:\\\/\\\/shrazvoj.dev-acenta.si\\\/wp-content\\\/uploads\\\/media\\\/providers\\\/gallery\\\/client-sevniski-grad-sevnica-1.jpg\",\"width\":438,\"height\":307},{\"@type\":\"BreadcrumbList\",\"@id\":\"https:\\\/\\\/shrazvoj.dev-acenta.si\\\/sevniski-grad-sevnica\\\/#breadcrumb\",\"itemListElement\":[{\"@type\":\"ListItem\",\"position\":1,\"name\":\"Home\",\"item\":\"https:\\\/\\\/shrazvoj.dev-acenta.si\\\/\"},{\"@type\":\"ListItem\",\"position\":2,\"name\":\"Do\u017eivetja\",\"item\":\"https:\\\/\\\/shrazvoj.dev-acenta.si\\\/dozivetja\\\/\"},{\"@type\":\"ListItem\",\"position\":3,\"name\":\"Sevni\u0161ki grad\"}]},{\"@type\":\"WebSite\",\"@id\":\"https:\\\/\\\/shrazvoj.dev-acenta.si\\\/#website\",\"url\":\"https:\\\/\\\/shrazvoj.dev-acenta.si\\\/\",\"name\":\"Sloveniaholidays.com\",\"description\":\"\",\"potentialAction\":[{\"@type\":\"SearchAction\",\"target\":{\"@type\":\"EntryPoint\",\"urlTemplate\":\"https:\\\/\\\/shrazvoj.dev-acenta.si\\\/?s={search_term_string}\"},\"query-input\":{\"@type\":\"PropertyValueSpecification\",\"valueRequired\":true,\"valueName\":\"search_term_string\"}}],\"inLanguage\":\"it-IT\"}]}<\/script>\n<!-- \/ Yoast SEO plugin. -->","yoast_head_json":{"title":"Castello di Sevnica - Sloveniaholidays.com","description":"Il possente castello di Sevnica sorge su un'altura sopra il centro storico di Sevnica. La propriet\u00e0 appartenne dapprima alla contessa Emma di Gurk, dopo la quale pass\u00f2 nelle mani...","robots":{"index":"noindex","follow":"follow","max-snippet":"max-snippet:-1","max-image-preview":"max-image-preview:large","max-video-preview":"max-video-preview:-1"},"og_locale":"it_IT","og_type":"article","og_title":"Sevni\u0161ki grad - Sloveniaholidays.com","og_description":"Mogo\u010den sevni\u0161ki grad stoji na vzpetini nad starim mestnim jedrom Sevnice. Posest je bila sprva v lasti kneginje Eme Kr\u0161ke, po kateri je pre\u0161la v roke...","og_url":"https:\/\/shrazvoj.dev-acenta.si\/it\/castello-di-sevnica\/","og_site_name":"Sloveniaholidays.com","article_modified_time":"2026-08-31T12:04:54+00:00","og_image":[{"width":438,"height":307,"url":"https:\/\/shrazvoj.dev-acenta.si\/wp-content\/uploads\/media\/providers\/gallery\/client-sevniski-grad-sevnica-1.jpg","type":"image\/jpeg"}],"twitter_card":"summary_large_image","twitter_misc":{"Est. reading time":"1 minuto"},"schema":{"@context":"https:\/\/schema.org","@graph":[{"@type":"WebPage","@id":"https:\/\/shrazvoj.dev-acenta.si\/sevniski-grad-sevnica\/","url":"https:\/\/shrazvoj.dev-acenta.si\/sevniski-grad-sevnica\/","name":"Castello di Sevnica - Sloveniaholidays.com","isPartOf":{"@id":"https:\/\/shrazvoj.dev-acenta.si\/#website"},"primaryImageOfPage":{"@id":"https:\/\/shrazvoj.dev-acenta.si\/sevniski-grad-sevnica\/#primaryimage"},"image":{"@id":"https:\/\/shrazvoj.dev-acenta.si\/sevniski-grad-sevnica\/#primaryimage"},"thumbnailUrl":"https:\/\/shrazvoj.dev-acenta.si\/wp-content\/uploads\/media\/providers\/gallery\/client-sevniski-grad-sevnica-1.jpg","datePublished":"2008-11-29T17:29:45+00:00","dateModified":"2026-08-31T12:04:54+00:00","description":"Il possente castello di Sevnica sorge su un'altura sopra il centro storico di Sevnica. La propriet\u00e0 appartenne dapprima alla contessa Emma di Gurk, dopo la quale pass\u00f2 nelle mani...","breadcrumb":{"@id":"https:\/\/shrazvoj.dev-acenta.si\/sevniski-grad-sevnica\/#breadcrumb"},"inLanguage":"it-IT","potentialAction":[{"@type":"ReadAction","target":["https:\/\/shrazvoj.dev-acenta.si\/sevniski-grad-sevnica\/"]}]},{"@type":"ImageObject","inLanguage":"it-IT","@id":"https:\/\/shrazvoj.dev-acenta.si\/sevniski-grad-sevnica\/#primaryimage","url":"https:\/\/shrazvoj.dev-acenta.si\/wp-content\/uploads\/media\/providers\/gallery\/client-sevniski-grad-sevnica-1.jpg","contentUrl":"https:\/\/shrazvoj.dev-acenta.si\/wp-content\/uploads\/media\/providers\/gallery\/client-sevniski-grad-sevnica-1.jpg","width":438,"height":307},{"@type":"BreadcrumbList","@id":"https:\/\/shrazvoj.dev-acenta.si\/sevniski-grad-sevnica\/#breadcrumb","itemListElement":[{"@type":"ListItem","position":1,"name":"Home","item":"https:\/\/shrazvoj.dev-acenta.si\/"},{"@type":"ListItem","position":2,"name":"Do\u017eivetja","item":"https:\/\/shrazvoj.dev-acenta.si\/dozivetja\/"},{"@type":"ListItem","position":3,"name":"Sevni\u0161ki grad"}]},{"@type":"WebSite","@id":"https:\/\/shrazvoj.dev-acenta.si\/#website","url":"https:\/\/shrazvoj.dev-acenta.si\/","name":"Sloveniaholidays.com","description":"","potentialAction":[{"@type":"SearchAction","target":{"@type":"EntryPoint","urlTemplate":"https:\/\/shrazvoj.dev-acenta.si\/?s={search_term_string}"},"query-input":{"@type":"PropertyValueSpecification","valueRequired":true,"valueName":"search_term_string"}}],"inLanguage":"it-IT"}]}},"_links":{"self":[{"href":"https:\/\/shrazvoj.dev-acenta.si\/it\/wp-json\/wp\/v2\/aktivnost\/66897","targetHints":{"allow":["GET"]}}],"collection":[{"href":"https:\/\/shrazvoj.dev-acenta.si\/it\/wp-json\/wp\/v2\/aktivnost"}],"about":[{"href":"https:\/\/shrazvoj.dev-acenta.si\/it\/wp-json\/wp\/v2\/types\/aktivnost"}],"wp:featuredmedia":[{"embeddable":true,"href":"https:\/\/shrazvoj.dev-acenta.si\/it\/wp-json\/wp\/v2\/media\/67720"}],"wp:attachment":[{"href":"https:\/\/shrazvoj.dev-acenta.si\/it\/wp-json\/wp\/v2\/media?parent=66897"}],"wp:term":[{"taxonomy":"category","embeddable":true,"href":"https:\/\/shrazvoj.dev-acenta.si\/it\/wp-json\/wp\/v2\/categories?post=66897"},{"taxonomy":"post_tag","embeddable":true,"href":"https:\/\/shrazvoj.dev-acenta.si\/it\/wp-json\/wp\/v2\/tags?post=66897"},{"taxonomy":"kraj","embeddable":true,"href":"https:\/\/shrazvoj.dev-acenta.si\/it\/wp-json\/wp\/v2\/kraj?post=66897"},{"taxonomy":"regija","embeddable":true,"href":"https:\/\/shrazvoj.dev-acenta.si\/it\/wp-json\/wp\/v2\/regija?post=66897"}],"curies":[{"name":"wp","href":"https:\/\/api.w.org\/{rel}","templated":true}]}}

<p>L'imponente castello di Sevnica sorge su un'altura sopra il vecchio nucleo storico di Sevnica. La proprietà fu dapprima della duchessa Emma di Gurk, dalla quale passò nelle mani degli arcivescovi di Salisburgo, per poi cambiare ancora alcuni proprietari. </p>
<p>&nbsp;</p>
<p>Una particolarità dell'assetto del giardino del castello sono le terrazze coltivate, mentre l'interno colpisce per le ricche pitture, tra le quali spiccano gli affreschi barocchi delle quattro stagioni. Nelle sale del castello si trovano oggi, tra l'altro, una magnifica sala conferenze, una sala per i matrimoni, un museo dei vigili del fuoco e della scuola, un museo sui deportati e una galleria espositiva. </p>
<p>&nbsp;</p>
<p>Il vivace ritmo culturale del castello è dato dagli eventi culturali dell'estate castellana di Sevnica, mentre numerose leggende e aneddoti lo avvolgono in un velo di mistero. Alcuni sono legati anche all'antica sala di preghiera protestante, la cantina di Lutero.</p>

<!-- This site is optimized with the Yoast SEO plugin v28.3 - https://yoast.com/product/yoast-seo-wordpress/ -->
<title>Sevniški grad - Sloveniaholidays.com</title>
<meta name="description" content="Mogočen sevniški grad stoji na vzpetini nad starim mestnim jedrom Sevnice. Posest je bila sprva v lasti kneginje Eme Krške, po kateri je prešla v roke..." />
<meta name="robots" content="noindex, follow, max-snippet:-1, max-image-preview:large, max-video-preview:-1" />
<meta property="og:locale" content="it_IT" />
<meta property="og:type" content="article" />
<meta property="og:title" content="Sevniški grad - Sloveniaholidays.com" />
<meta property="og:description" content="Mogočen sevniški grad stoji na vzpetini nad starim mestnim jedrom Sevnice. Posest je bila sprva v lasti kneginje Eme Krške, po kateri je prešla v roke..." />
<meta property="og:url" content="https://shrazvoj.dev-acenta.si/it/castello-di-sevnica/" />
<meta property="og:site_name" content="Sloveniaholidays.com" />
<meta property="article:modified_time" content="2026-08-31T12:04:54+00:00" />
<meta property="og:image" content="https://shrazvoj.dev-acenta.si/wp-content/uploads/media/providers/gallery/client-sevniski-grad-sevnica-1.jpg" />
	<meta property="og:image:width" content="438" />
	<meta property="og:image:height" content="307" />
	<meta property="og:image:type" content="image/jpeg" />
<meta name="twitter:card" content="summary_large_image" />
<meta name="twitter:label1" content="Est. reading time" />
	<meta name="twitter:data1" content="1 minuto" />
<script type="application/ld+json" class="yoast-schema-graph">{"@context":"https:\/\/schema.org","@graph":[{"@type":"WebPage","@id":"https:\/\/shrazvoj.dev-acenta.si\/sevniski-grad-sevnica\/","url":"https:\/\/shrazvoj.dev-acenta.si\/sevniski-grad-sevnica\/","name":"Sevniški grad - Sloveniaholidays.com","isPartOf":{"@id":"https:\/\/shrazvoj.dev-acenta.si\/#website"},"primaryImageOfPage":{"@id":"https:\/\/shrazvoj.dev-acenta.si\/sevniski-grad-sevnica\/#primaryimage"},"image":{"@id":"https:\/\/shrazvoj.dev-acenta.si\/sevniski-grad-sevnica\/#primaryimage"},"thumbnailUrl":"https:\/\/shrazvoj.dev-acenta.si\/wp-content\/uploads\/media\/providers\/gallery\/client-sevniski-grad-sevnica-1.jpg","datePublished":"2008-11-29T17:29:45+00:00","dateModified":"2026-08-31T12:04:54+00:00","description":"Mogočen sevniški grad stoji na vzpetini nad starim mestnim jedrom Sevnice. Posest je bila sprva v lasti kneginje Eme Krške, po kateri je prešla v roke...","breadcrumb":{"@id":"https:\/\/shrazvoj.dev-acenta.si\/sevniski-grad-sevnica\/#breadcrumb"},"inLanguage":"it-IT","potentialAction":[{"@type":"ReadAction","target":["https:\/\/shrazvoj.dev-acenta.si\/sevniski-grad-sevnica\/"]}]},{"@type":"ImageObject","inLanguage":"it-IT","@id":"https:\/\/shrazvoj.dev-acenta.si\/sevniski-grad-sevnica\/#primaryimage","url":"https:\/\/shrazvoj.dev-acenta.si\/wp-content\/uploads\/media\/providers\/gallery\/client-sevniski-grad-sevnica-1.jpg","contentUrl":"https:\/\/shrazvoj.dev-acenta.si\/wp-content\/uploads\/media\/providers\/gallery\/client-sevniski-grad-sevnica-1.jpg","width":438,"height":307},{"@type":"BreadcrumbList","@id":"https:\/\/shrazvoj.dev-acenta.si\/sevniski-grad-sevnica\/#breadcrumb","itemListElement":[{"@type":"ListItem","position":1,"name":"Home","item":"https:\/\/shrazvoj.dev-acenta.si\/"},{"@type":"ListItem","position":2,"name":"Doživetja","item":"https:\/\/shrazvoj.dev-acenta.si\/dozivetja\/"},{"@type":"ListItem","position":3,"name":"Sevniški grad"}]},{"@type":"WebSite","@id":"https:\/\/shrazvoj.dev-acenta.si\/#website","url":"https:\/\/shrazvoj.dev-acenta.si\/","name":"Sloveniaholidays.com","description":"","potentialAction":[{"@type":"SearchAction","target":{"@type":"EntryPoint","urlTemplate":"https:\/\/shrazvoj.dev-acenta.si\/?s={search_term_string}"},"query-input":{"@type":"PropertyValueSpecification","valueRequired":true,"valueName":"search_term_string"}}],"inLanguage":"it-IT"}]}</script>
<!-- / Yoast SEO plugin. -->

Il possente castello di Sevnica sorge su un'altura sopra il centro storico di Sevnica. La proprietà appartenne dapprima alla contessa Emma di Gurk, dopo la quale passò nelle mani...

Sevniški grad - Sloveniaholidays.com

Mogočen sevniški grad stoji na vzpetini nad starim mestnim jedrom Sevnice. Posest je bila sprva v lasti kneginje Eme Krške, po kateri je prešla v roke...

Doživetja

Sevniški grad
