{"id":23962,"date":"2008-12-01T13:19:00","date_gmt":"2008-12-01T12:19:00","guid":{"rendered":"https:\/\/shrazvoj.dev-acenta.si\/aktivnost\/kolesarske-poti-cestna-kolesarska-pot-savica\/"},"modified":"2026-07-20T22:36:59","modified_gmt":"2026-07-20T20:36:59","slug":"percorso-ciclabile-su-strada-savica","status":"publish","type":"aktivnost","link":"https:\/\/shrazvoj.dev-acenta.si\/it\/kolesarske-poti-cestna-kolesarska-pot-savica\/","title":{"rendered":"Percorso ciclabile su strada Savica"},"content":{"rendered":"<p>Da Lesce ci dirigiamo verso Bled. Lungo la strada principale a precedenza proseguiamo dritti oltre il lago di Bled verso Bohinj. Alla deviazione per Boh. Bela giriamo a destra. Ci immettiamo sulla strada principale che porta verso Bohinj alla fine del paese di Obrne. All'incrocio giriamo a destra e attraversiamo la Soteska. Prima del paese di Nomenj giriamo per un breve tratto a destra su una strada asfaltata secondaria, e cos\u00ec pure prima del paese di Bitnje. Da Bitnje giriamo a destra verso Jereka. Dopo una salita breve e piuttosto ripida arriviamo al paese di Jereka. Da qui proseguiamo dritti attraverso Bohinjska \u010ce\u0161njica, Srednja vas e Stara Fu\u017eina fino a Rib\u010dev Laz. Dopo aver attraversato la Sava Bohinjka giriamo a destra. Lungo il lago andiamo fino a Ukanc, poi dritti fino al rifugio presso la Savica, dove finisce la strada asfaltata. L\u00ec facciamo inversione e torniamo fino a Rib\u010dev Laz. All'incrocio alla fine del lago proseguiamo dritti. Lungo la strada principale torniamo attraverso Boh. Bistrica a Bled e avanti a Lesce.<\/p>\n<hr \/>\n<p><p>Il villaggio di Nomenj \u00e8 un insediamento raggruppato proprio all'ingresso della valle. Quando percorriamo la gola di Soteska verso Bohinj, \u00e8 proprio a Nomenj che si apre la vista sulla Bassa valle di Bohinj e sui Monti del Basso Bohinj. In lontananza ci saluta gi\u00e0 il Vogel. Dalla strada principale il villaggio dista circa 200 m.<\/p>\n<p>A Srednja vas potete riposare visitando la chiesa parrocchiale di San Martino. \u00c8 architettura barocca che sorge sulle fondamenta di una chiesa medievale, menzionata gi\u00e0 nelle fonti del periodo 1493 &#8211; 1501, ed \u00e8 stata edificata a met\u00e0 del XVIII secolo. A Srednja vas si sono conservati due granai, il granaio Pre\u017eel e quello \u0160pan dell'inizio del XVII secolo, oggi tutelati come monumenti. Oltre alle chiese erano gli unici edifici in muratura. Servivano a conservare i prodotti dei campi<\/p>\n<p> La chiesa di San Paolo a Stara Fu\u017eina risale ancora al Medioevo. \u00c8 circondata da un muro di cinta e coperta con scandole. Sul lato occidentale si trova un portico medievale con soffitto piano in legno. Il portico \u00e8 lastricato con sassi di fiume arrotondati e con pietre piatte e strette. Il campanile con il doppio tetto a cipolla e la lanterna fu edificato nel 1726.<br \/> La cascata Savica \u00e8 la cascata pi\u00f9 visitata in Slovenia. L'acqua sgorga da una grotta carsica situata pi\u00f9 in alto (la sorgente della Sava Bohinjka), scende per 30 metri lungo un pendio obliquo e precipita per una profondit\u00e0 di 50 metri &#8211; la cascata \u00e8 complessivamente alta circa 80 metri. France Pre\u0161eren scelse la cascata come luogo del suo poema epico Il battesimo presso la Savica. Lungo il sentiero verso la cascata, in caso di precipitazioni abbondanti, si pu\u00f2 vedere un'altra attrazione. La conca naturale del Lago Nero superiore non riesce pi\u00f9 a trattenere l'acqua, e questa si trasforma in pi\u00f9 cascate lungo il celebre pendio a strapiombo della Komar\u010da fino a valle.<\/p>","protected":false},"featured_media":53095,"template":"","meta":{"_acf_changed":false,"_breakdance_hide_in_design_set":false,"_breakdance_tags":""},"categories":[757,753],"tags":[],"kraj":[2739],"regija":[2456],"class_list":["post-23962","aktivnost","type-aktivnost","status-publish","has-post-thumbnail","hentry","category-cestno-kolesarjenje","category-kolesarjenje","kraj-bled","regija-gorenjska"],"acf":[],"yoast_head":"<!-- This site is optimized with the Yoast SEO plugin v28.3 - https:\/\/yoast.com\/product\/yoast-seo-wordpress\/ -->\n<title>Cestna kolesarska pot Savica - Sloveniaholidays.com<\/title>\n<meta name=\"description\" content=\"Cestna kolesarska pot Savica\" \/>\n<meta name=\"robots\" content=\"noindex, follow, max-snippet:-1, max-image-preview:large, max-video-preview:-1\" \/>\n<meta property=\"og:locale\" content=\"it_IT\" \/>\n<meta property=\"og:type\" content=\"article\" \/>\n<meta property=\"og:title\" content=\"Cestna kolesarska pot Savica - Sloveniaholidays.com\" \/>\n<meta property=\"og:description\" content=\"Cestna kolesarska pot Savica\" \/>\n<meta property=\"og:url\" content=\"https:\/\/shrazvoj.dev-acenta.si\/it\/esperienze\/percorso-ciclabile-su-strada-savica\/\" \/>\n<meta property=\"og:site_name\" content=\"Sloveniaholidays.com\" \/>\n<meta property=\"article:modified_time\" content=\"2026-07-20T20:36:59+00:00\" \/>\n<meta property=\"og:image\" content=\"https:\/\/shrazvoj.dev-acenta.si\/wp-content\/uploads\/media\/bike-paths\/gallery\/bikepath-img7784.jpg\" \/>\n\t<meta property=\"og:image:width\" content=\"320\" \/>\n\t<meta property=\"og:image:height\" content=\"240\" \/>\n\t<meta property=\"og:image:type\" content=\"image\/jpeg\" \/>\n<meta name=\"twitter:card\" content=\"summary_large_image\" \/>\n<meta name=\"twitter:label1\" content=\"Est. reading time\" \/>\n\t<meta name=\"twitter:data1\" content=\"2 minuti\" \/>\n<script type=\"application\/ld+json\" class=\"yoast-schema-graph\">{\"@context\":\"https:\\\/\\\/schema.org\",\"@graph\":[{\"@type\":\"WebPage\",\"@id\":\"https:\\\/\\\/shrazvoj.dev-acenta.si\\\/dozivetja\\\/kolesarske-poti-cestna-kolesarska-pot-savica\\\/\",\"url\":\"https:\\\/\\\/shrazvoj.dev-acenta.si\\\/dozivetja\\\/kolesarske-poti-cestna-kolesarska-pot-savica\\\/\",\"name\":\"Cestna kolesarska pot Savica - Sloveniaholidays.com\",\"isPartOf\":{\"@id\":\"https:\\\/\\\/shrazvoj.dev-acenta.si\\\/#website\"},\"primaryImageOfPage\":{\"@id\":\"https:\\\/\\\/shrazvoj.dev-acenta.si\\\/dozivetja\\\/kolesarske-poti-cestna-kolesarska-pot-savica\\\/#primaryimage\"},\"image\":{\"@id\":\"https:\\\/\\\/shrazvoj.dev-acenta.si\\\/dozivetja\\\/kolesarske-poti-cestna-kolesarska-pot-savica\\\/#primaryimage\"},\"thumbnailUrl\":\"https:\\\/\\\/shrazvoj.dev-acenta.si\\\/wp-content\\\/uploads\\\/media\\\/bike-paths\\\/gallery\\\/bikepath-img7784.jpg\",\"datePublished\":\"2008-12-01T12:19:00+00:00\",\"dateModified\":\"2026-07-20T20:36:59+00:00\",\"description\":\"Cestna kolesarska pot Savica\",\"breadcrumb\":{\"@id\":\"https:\\\/\\\/shrazvoj.dev-acenta.si\\\/dozivetja\\\/kolesarske-poti-cestna-kolesarska-pot-savica\\\/#breadcrumb\"},\"inLanguage\":\"it-IT\",\"potentialAction\":[{\"@type\":\"ReadAction\",\"target\":[\"https:\\\/\\\/shrazvoj.dev-acenta.si\\\/dozivetja\\\/kolesarske-poti-cestna-kolesarska-pot-savica\\\/\"]}]},{\"@type\":\"ImageObject\",\"inLanguage\":\"it-IT\",\"@id\":\"https:\\\/\\\/shrazvoj.dev-acenta.si\\\/dozivetja\\\/kolesarske-poti-cestna-kolesarska-pot-savica\\\/#primaryimage\",\"url\":\"https:\\\/\\\/shrazvoj.dev-acenta.si\\\/wp-content\\\/uploads\\\/media\\\/bike-paths\\\/gallery\\\/bikepath-img7784.jpg\",\"contentUrl\":\"https:\\\/\\\/shrazvoj.dev-acenta.si\\\/wp-content\\\/uploads\\\/media\\\/bike-paths\\\/gallery\\\/bikepath-img7784.jpg\",\"width\":320,\"height\":240},{\"@type\":\"BreadcrumbList\",\"@id\":\"https:\\\/\\\/shrazvoj.dev-acenta.si\\\/dozivetja\\\/kolesarske-poti-cestna-kolesarska-pot-savica\\\/#breadcrumb\",\"itemListElement\":[{\"@type\":\"ListItem\",\"position\":1,\"name\":\"Home\",\"item\":\"https:\\\/\\\/shrazvoj.dev-acenta.si\\\/\"},{\"@type\":\"ListItem\",\"position\":2,\"name\":\"Do\u017eivetja\",\"item\":\"https:\\\/\\\/shrazvoj.dev-acenta.si\\\/dozivetja\\\/\"},{\"@type\":\"ListItem\",\"position\":3,\"name\":\"Cestna kolesarska pot Savica\"}]},{\"@type\":\"WebSite\",\"@id\":\"https:\\\/\\\/shrazvoj.dev-acenta.si\\\/#website\",\"url\":\"https:\\\/\\\/shrazvoj.dev-acenta.si\\\/\",\"name\":\"Sloveniaholidays.com\",\"description\":\"\",\"potentialAction\":[{\"@type\":\"SearchAction\",\"target\":{\"@type\":\"EntryPoint\",\"urlTemplate\":\"https:\\\/\\\/shrazvoj.dev-acenta.si\\\/?s={search_term_string}\"},\"query-input\":{\"@type\":\"PropertyValueSpecification\",\"valueRequired\":true,\"valueName\":\"search_term_string\"}}],\"inLanguage\":\"it-IT\"}]}<\/script>\n<!-- \/ Yoast SEO plugin. -->","yoast_head_json":{"title":"Percorso ciclabile su strada Savica - Sloveniaholidays.com","description":"Percorso ciclabile su strada Savica","robots":{"index":"noindex","follow":"follow","max-snippet":"max-snippet:-1","max-image-preview":"max-image-preview:large","max-video-preview":"max-video-preview:-1"},"og_locale":"it_IT","og_type":"article","og_title":"Cestna kolesarska pot Savica - Sloveniaholidays.com","og_description":"Cestna kolesarska pot Savica","og_url":"https:\/\/shrazvoj.dev-acenta.si\/it\/esperienze\/percorso-ciclabile-su-strada-savica\/","og_site_name":"Sloveniaholidays.com","article_modified_time":"2026-07-20T20:36:59+00:00","og_image":[{"width":320,"height":240,"url":"https:\/\/shrazvoj.dev-acenta.si\/wp-content\/uploads\/media\/bike-paths\/gallery\/bikepath-img7784.jpg","type":"image\/jpeg"}],"twitter_card":"summary_large_image","twitter_misc":{"Est. reading time":"2 minuti"},"schema":{"@context":"https:\/\/schema.org","@graph":[{"@type":"WebPage","@id":"https:\/\/shrazvoj.dev-acenta.si\/dozivetja\/kolesarske-poti-cestna-kolesarska-pot-savica\/","url":"https:\/\/shrazvoj.dev-acenta.si\/dozivetja\/kolesarske-poti-cestna-kolesarska-pot-savica\/","name":"Percorso ciclabile su strada Savica - Sloveniaholidays.com","isPartOf":{"@id":"https:\/\/shrazvoj.dev-acenta.si\/#website"},"primaryImageOfPage":{"@id":"https:\/\/shrazvoj.dev-acenta.si\/dozivetja\/kolesarske-poti-cestna-kolesarska-pot-savica\/#primaryimage"},"image":{"@id":"https:\/\/shrazvoj.dev-acenta.si\/dozivetja\/kolesarske-poti-cestna-kolesarska-pot-savica\/#primaryimage"},"thumbnailUrl":"https:\/\/shrazvoj.dev-acenta.si\/wp-content\/uploads\/media\/bike-paths\/gallery\/bikepath-img7784.jpg","datePublished":"2008-12-01T12:19:00+00:00","dateModified":"2026-07-20T20:36:59+00:00","description":"Percorso ciclabile su strada Savica","breadcrumb":{"@id":"https:\/\/shrazvoj.dev-acenta.si\/dozivetja\/kolesarske-poti-cestna-kolesarska-pot-savica\/#breadcrumb"},"inLanguage":"it-IT","potentialAction":[{"@type":"ReadAction","target":["https:\/\/shrazvoj.dev-acenta.si\/dozivetja\/kolesarske-poti-cestna-kolesarska-pot-savica\/"]}]},{"@type":"ImageObject","inLanguage":"it-IT","@id":"https:\/\/shrazvoj.dev-acenta.si\/dozivetja\/kolesarske-poti-cestna-kolesarska-pot-savica\/#primaryimage","url":"https:\/\/shrazvoj.dev-acenta.si\/wp-content\/uploads\/media\/bike-paths\/gallery\/bikepath-img7784.jpg","contentUrl":"https:\/\/shrazvoj.dev-acenta.si\/wp-content\/uploads\/media\/bike-paths\/gallery\/bikepath-img7784.jpg","width":320,"height":240},{"@type":"BreadcrumbList","@id":"https:\/\/shrazvoj.dev-acenta.si\/dozivetja\/kolesarske-poti-cestna-kolesarska-pot-savica\/#breadcrumb","itemListElement":[{"@type":"ListItem","position":1,"name":"Home","item":"https:\/\/shrazvoj.dev-acenta.si\/"},{"@type":"ListItem","position":2,"name":"Do\u017eivetja","item":"https:\/\/shrazvoj.dev-acenta.si\/dozivetja\/"},{"@type":"ListItem","position":3,"name":"Cestna kolesarska pot Savica"}]},{"@type":"WebSite","@id":"https:\/\/shrazvoj.dev-acenta.si\/#website","url":"https:\/\/shrazvoj.dev-acenta.si\/","name":"Sloveniaholidays.com","description":"","potentialAction":[{"@type":"SearchAction","target":{"@type":"EntryPoint","urlTemplate":"https:\/\/shrazvoj.dev-acenta.si\/?s={search_term_string}"},"query-input":{"@type":"PropertyValueSpecification","valueRequired":true,"valueName":"search_term_string"}}],"inLanguage":"it-IT"}]}},"_links":{"self":[{"href":"https:\/\/shrazvoj.dev-acenta.si\/it\/wp-json\/wp\/v2\/aktivnost\/23962","targetHints":{"allow":["GET"]}}],"collection":[{"href":"https:\/\/shrazvoj.dev-acenta.si\/it\/wp-json\/wp\/v2\/aktivnost"}],"about":[{"href":"https:\/\/shrazvoj.dev-acenta.si\/it\/wp-json\/wp\/v2\/types\/aktivnost"}],"wp:featuredmedia":[{"embeddable":true,"href":"https:\/\/shrazvoj.dev-acenta.si\/it\/wp-json\/wp\/v2\/media\/53095"}],"wp:attachment":[{"href":"https:\/\/shrazvoj.dev-acenta.si\/it\/wp-json\/wp\/v2\/media?parent=23962"}],"wp:term":[{"taxonomy":"category","embeddable":true,"href":"https:\/\/shrazvoj.dev-acenta.si\/it\/wp-json\/wp\/v2\/categories?post=23962"},{"taxonomy":"post_tag","embeddable":true,"href":"https:\/\/shrazvoj.dev-acenta.si\/it\/wp-json\/wp\/v2\/tags?post=23962"},{"taxonomy":"kraj","embeddable":true,"href":"https:\/\/shrazvoj.dev-acenta.si\/it\/wp-json\/wp\/v2\/kraj?post=23962"},{"taxonomy":"regija","embeddable":true,"href":"https:\/\/shrazvoj.dev-acenta.si\/it\/wp-json\/wp\/v2\/regija?post=23962"}],"curies":[{"name":"wp","href":"https:\/\/api.w.org\/{rel}","templated":true}]}}

<p>Da Lesce ci dirigiamo verso Bled. Lungo la strada principale a precedenza proseguiamo dritti oltre il lago di Bled verso Bohinj. Alla deviazione per Boh. Bela giriamo a destra. Ci immettiamo sulla strada principale che porta verso Bohinj alla fine del paese di Obrne. All'incrocio giriamo a destra e attraversiamo la Soteska. Prima del paese di Nomenj giriamo per un breve tratto a destra su una strada asfaltata secondaria, e così pure prima del paese di Bitnje. Da Bitnje giriamo a destra verso Jereka. Dopo una salita breve e piuttosto ripida arriviamo al paese di Jereka. Da qui proseguiamo dritti attraverso Bohinjska Češnjica, Srednja vas e Stara Fužina fino a Ribčev Laz. Dopo aver attraversato la Sava Bohinjka giriamo a destra. Lungo il lago andiamo fino a Ukanc, poi dritti fino al rifugio presso la Savica, dove finisce la strada asfaltata. Lì facciamo inversione e torniamo fino a Ribčev Laz. All'incrocio alla fine del lago proseguiamo dritti. Lungo la strada principale torniamo attraverso Boh. Bistrica a Bled e avanti a Lesce.</p>
<hr />
<p><p>Il villaggio di Nomenj è un insediamento raggruppato proprio all'ingresso della valle. Quando percorriamo la gola di Soteska verso Bohinj, è proprio a Nomenj che si apre la vista sulla Bassa valle di Bohinj e sui Monti del Basso Bohinj. In lontananza ci saluta già il Vogel. Dalla strada principale il villaggio dista circa 200 m.</p>
<p>A Srednja vas potete riposare visitando la chiesa parrocchiale di San Martino. È architettura barocca che sorge sulle fondamenta di una chiesa medievale, menzionata già nelle fonti del periodo 1493 &#8211; 1501, ed è stata edificata a metà del XVIII secolo. A Srednja vas si sono conservati due granai, il granaio Prežel e quello Špan dell'inizio del XVII secolo, oggi tutelati come monumenti. Oltre alle chiese erano gli unici edifici in muratura. Servivano a conservare i prodotti dei campi</p>
<p> La chiesa di San Paolo a Stara Fužina risale ancora al Medioevo. È circondata da un muro di cinta e coperta con scandole. Sul lato occidentale si trova un portico medievale con soffitto piano in legno. Il portico è lastricato con sassi di fiume arrotondati e con pietre piatte e strette. Il campanile con il doppio tetto a cipolla e la lanterna fu edificato nel 1726.<br /> La cascata Savica è la cascata più visitata in Slovenia. L'acqua sgorga da una grotta carsica situata più in alto (la sorgente della Sava Bohinjka), scende per 30 metri lungo un pendio obliquo e precipita per una profondità di 50 metri &#8211; la cascata è complessivamente alta circa 80 metri. France Prešeren scelse la cascata come luogo del suo poema epico Il battesimo presso la Savica. Lungo il sentiero verso la cascata, in caso di precipitazioni abbondanti, si può vedere un'altra attrazione. La conca naturale del Lago Nero superiore non riesce più a trattenere l'acqua, e questa si trasforma in più cascate lungo il celebre pendio a strapiombo della Komarča fino a valle.</p>

<!-- This site is optimized with the Yoast SEO plugin v28.3 - https://yoast.com/product/yoast-seo-wordpress/ -->
<title>Cestna kolesarska pot Savica - Sloveniaholidays.com</title>
<meta name="description" content="Cestna kolesarska pot Savica" />
<meta name="robots" content="noindex, follow, max-snippet:-1, max-image-preview:large, max-video-preview:-1" />
<meta property="og:locale" content="it_IT" />
<meta property="og:type" content="article" />
<meta property="og:title" content="Cestna kolesarska pot Savica - Sloveniaholidays.com" />
<meta property="og:description" content="Cestna kolesarska pot Savica" />
<meta property="og:url" content="https://shrazvoj.dev-acenta.si/it/esperienze/percorso-ciclabile-su-strada-savica/" />
<meta property="og:site_name" content="Sloveniaholidays.com" />
<meta property="article:modified_time" content="2026-07-20T20:36:59+00:00" />
<meta property="og:image" content="https://shrazvoj.dev-acenta.si/wp-content/uploads/media/bike-paths/gallery/bikepath-img7784.jpg" />
	<meta property="og:image:width" content="320" />
	<meta property="og:image:height" content="240" />
	<meta property="og:image:type" content="image/jpeg" />
<meta name="twitter:card" content="summary_large_image" />
<meta name="twitter:label1" content="Est. reading time" />
	<meta name="twitter:data1" content="2 minuti" />
<script type="application/ld+json" class="yoast-schema-graph">{"@context":"https:\/\/schema.org","@graph":[{"@type":"WebPage","@id":"https:\/\/shrazvoj.dev-acenta.si\/dozivetja\/kolesarske-poti-cestna-kolesarska-pot-savica\/","url":"https:\/\/shrazvoj.dev-acenta.si\/dozivetja\/kolesarske-poti-cestna-kolesarska-pot-savica\/","name":"Cestna kolesarska pot Savica - Sloveniaholidays.com","isPartOf":{"@id":"https:\/\/shrazvoj.dev-acenta.si\/#website"},"primaryImageOfPage":{"@id":"https:\/\/shrazvoj.dev-acenta.si\/dozivetja\/kolesarske-poti-cestna-kolesarska-pot-savica\/#primaryimage"},"image":{"@id":"https:\/\/shrazvoj.dev-acenta.si\/dozivetja\/kolesarske-poti-cestna-kolesarska-pot-savica\/#primaryimage"},"thumbnailUrl":"https:\/\/shrazvoj.dev-acenta.si\/wp-content\/uploads\/media\/bike-paths\/gallery\/bikepath-img7784.jpg","datePublished":"2008-12-01T12:19:00+00:00","dateModified":"2026-07-20T20:36:59+00:00","description":"Cestna kolesarska pot Savica","breadcrumb":{"@id":"https:\/\/shrazvoj.dev-acenta.si\/dozivetja\/kolesarske-poti-cestna-kolesarska-pot-savica\/#breadcrumb"},"inLanguage":"it-IT","potentialAction":[{"@type":"ReadAction","target":["https:\/\/shrazvoj.dev-acenta.si\/dozivetja\/kolesarske-poti-cestna-kolesarska-pot-savica\/"]}]},{"@type":"ImageObject","inLanguage":"it-IT","@id":"https:\/\/shrazvoj.dev-acenta.si\/dozivetja\/kolesarske-poti-cestna-kolesarska-pot-savica\/#primaryimage","url":"https:\/\/shrazvoj.dev-acenta.si\/wp-content\/uploads\/media\/bike-paths\/gallery\/bikepath-img7784.jpg","contentUrl":"https:\/\/shrazvoj.dev-acenta.si\/wp-content\/uploads\/media\/bike-paths\/gallery\/bikepath-img7784.jpg","width":320,"height":240},{"@type":"BreadcrumbList","@id":"https:\/\/shrazvoj.dev-acenta.si\/dozivetja\/kolesarske-poti-cestna-kolesarska-pot-savica\/#breadcrumb","itemListElement":[{"@type":"ListItem","position":1,"name":"Home","item":"https:\/\/shrazvoj.dev-acenta.si\/"},{"@type":"ListItem","position":2,"name":"Doživetja","item":"https:\/\/shrazvoj.dev-acenta.si\/dozivetja\/"},{"@type":"ListItem","position":3,"name":"Cestna kolesarska pot Savica"}]},{"@type":"WebSite","@id":"https:\/\/shrazvoj.dev-acenta.si\/#website","url":"https:\/\/shrazvoj.dev-acenta.si\/","name":"Sloveniaholidays.com","description":"","potentialAction":[{"@type":"SearchAction","target":{"@type":"EntryPoint","urlTemplate":"https:\/\/shrazvoj.dev-acenta.si\/?s={search_term_string}"},"query-input":{"@type":"PropertyValueSpecification","valueRequired":true,"valueName":"search_term_string"}}],"inLanguage":"it-IT"}]}</script>
<!-- / Yoast SEO plugin. -->

Doživetja
