{"id":24679,"date":"2017-06-27T10:12:34","date_gmt":"2017-06-27T08:12:34","guid":{"rendered":"https:\/\/shrazvoj.dev-acenta.si\/nastanitev\/apartmaji-jezerci-bled\/"},"modified":"2026-08-21T15:16:26","modified_gmt":"2026-08-21T13:16:26","slug":"appartement-jezerci-bled","status":"publish","type":"nastanitev","link":"https:\/\/shrazvoj.dev-acenta.si\/de\/apartmaji-jezerci-bled\/","title":{"rendered":"Apartments Jezerci"},"content":{"rendered":"<p><strong>Apartments Jezerci<\/strong>&nbsp; befinden sich in einem wundersch\u00f6nen Alpenhaus mit Gemeinschaftsgarten, von dem aus sich Blicke auf die Karawanken \u00f6ffnen, und zwar nur <strong>500 m von der Bleder Promenade<\/strong> in einer ruhigen Siedlung. Bis ins Zentrum von Bled, wo sich Restaurants, Bars und die \u00fcbrige Infrastruktur befinden, sind es nur 5 Gehminuten. <\/p>\n<p> Das gesamte Haus hat 5 Schlafzimmer (drei mit Doppelbett und zwei mit zwei Einzelbetten) f\u00fcr 14 Personen. Der Garten, der von allen Apartments gemeinsam genutzt wird, hat einen Grillplatz und eignet sich hervorragend zum Entspannen am Abend.<\/p>\n<p>Die Apartments Jezerci bieten eine komfortable, hochwertige Ferienunterkunft der mittleren Kategorie mit vier Apartments f\u00fcr bis zu 14 Personen. <\/p>\n<p> Alle Apartments befinden sich im ersten Stock. Apartments <span>1<\/span>, <span>2<\/span> und <span>4<\/span> sind Zweizimmerapartments mit einem Schlafzimmer mit Doppelbett, einer offenen K\u00fcche mit Wohnzimmer und Essbereich sowie einem Bad. <\/p>\n<p> <span>Apartment 3<\/span> hat zwei Schlafzimmer (ein Schlafzimmer mit Doppelbett sowie ein Schlafzimmer mit zwei Einzelbetten), eine gro\u00dfe offene K\u00fcche, ein Wohnzimmer und ein Esszimmer, ein Badezimmer sowie einen Balkon mit offenem Blick auf die Villen und die Siedlung. Die K\u00fcchen sind vollst\u00e4ndig mit Herd, Mikrowelle, K\u00fchlschrank mit Gefrierfach, Toaster sowie Wasserkocher ausgestattet. Im Apartment 3 gibt es auch einen Backofen. Alle Apartments teilen sich einen gro\u00dfen Garten mit Grillplatz und gemeinsamem Aufenthaltsbereich.<br \/> &nbsp;<\/p>\n<p>Apartments Jezerci Bled, Apartments Bled.<\/p>\n<p>&nbsp;<\/p>\n<p>&nbsp;<\/p>\n<p>&nbsp;<\/p>","protected":false},"featured_media":44304,"template":"","meta":{"_acf_changed":false,"_breakdance_hide_in_design_set":false,"_breakdance_tags":""},"categories":[716,712],"kraj":[2739],"regija":[2456],"class_list":["post-24679","nastanitev","type-nastanitev","status-publish","has-post-thumbnail","hentry","category-apartmaji","category-namestitve","kraj-bled","regija-gorenjska"],"acf":[],"yoast_head":"<!-- This site is optimized with the Yoast SEO plugin v28.3 - https:\/\/yoast.com\/product\/yoast-seo-wordpress\/ -->\n<title>Apartmaji Jezerci - Sloveniaholidays.com<\/title>\n<meta name=\"description\" content=\"Apartmaji Jezerci se nahajajo v \u010dudoviti alpski hi\u0161i s skupnim vrtom s \u0161tirimi apartmaji do 14 oseb.\" \/>\n<meta name=\"robots\" content=\"noindex, follow, max-snippet:-1, max-image-preview:large, max-video-preview:-1\" \/>\n<meta property=\"og:locale\" content=\"de_DE\" \/>\n<meta property=\"og:type\" content=\"article\" \/>\n<meta property=\"og:title\" content=\"Apartmaji Jezerci - Sloveniaholidays.com\" \/>\n<meta property=\"og:description\" content=\"Apartmaji Jezerci se nahajajo v \u010dudoviti alpski hi\u0161i s skupnim vrtom s \u0161tirimi apartmaji do 14 oseb.\" \/>\n<meta property=\"og:url\" content=\"https:\/\/shrazvoj.dev-acenta.si\/de\/unterkuenfte\/appartement-jezerci-bled\/\" \/>\n<meta property=\"og:site_name\" content=\"Sloveniaholidays.com\" \/>\n<meta property=\"article:modified_time\" content=\"2026-08-21T13:16:26+00:00\" \/>\n<meta property=\"og:image\" content=\"https:\/\/shrazvoj.dev-acenta.si\/wp-content\/uploads\/media\/clients\/gallery\/gallery-18l_3602-edit-45.jpg\" \/>\n\t<meta property=\"og:image:width\" content=\"2250\" \/>\n\t<meta property=\"og:image:height\" content=\"1502\" \/>\n\t<meta property=\"og:image:type\" content=\"image\/jpeg\" \/>\n<meta name=\"twitter:card\" content=\"summary_large_image\" \/>\n<meta name=\"twitter:label1\" content=\"Est. reading time\" \/>\n\t<meta name=\"twitter:data1\" content=\"1\u00a0Minute\" \/>\n<script type=\"application\/ld+json\" class=\"yoast-schema-graph\">{\"@context\":\"https:\\\/\\\/schema.org\",\"@graph\":[{\"@type\":\"WebPage\",\"@id\":\"https:\\\/\\\/shrazvoj.dev-acenta.si\\\/namestitve\\\/apartmaji-jezerci-bled\\\/\",\"url\":\"https:\\\/\\\/shrazvoj.dev-acenta.si\\\/namestitve\\\/apartmaji-jezerci-bled\\\/\",\"name\":\"Apartmaji Jezerci - Sloveniaholidays.com\",\"isPartOf\":{\"@id\":\"https:\\\/\\\/shrazvoj.dev-acenta.si\\\/#website\"},\"primaryImageOfPage\":{\"@id\":\"https:\\\/\\\/shrazvoj.dev-acenta.si\\\/namestitve\\\/apartmaji-jezerci-bled\\\/#primaryimage\"},\"image\":{\"@id\":\"https:\\\/\\\/shrazvoj.dev-acenta.si\\\/namestitve\\\/apartmaji-jezerci-bled\\\/#primaryimage\"},\"thumbnailUrl\":\"https:\\\/\\\/shrazvoj.dev-acenta.si\\\/wp-content\\\/uploads\\\/media\\\/clients\\\/gallery\\\/gallery-18l_3602-edit-45.jpg\",\"datePublished\":\"2017-06-27T08:12:34+00:00\",\"dateModified\":\"2026-08-21T13:16:26+00:00\",\"description\":\"Apartmaji Jezerci se nahajajo v \u010dudoviti alpski hi\u0161i s skupnim vrtom s \u0161tirimi apartmaji do 14 oseb.\",\"breadcrumb\":{\"@id\":\"https:\\\/\\\/shrazvoj.dev-acenta.si\\\/namestitve\\\/apartmaji-jezerci-bled\\\/#breadcrumb\"},\"inLanguage\":\"de\",\"potentialAction\":[{\"@type\":\"ReadAction\",\"target\":[\"https:\\\/\\\/shrazvoj.dev-acenta.si\\\/namestitve\\\/apartmaji-jezerci-bled\\\/\"]}]},{\"@type\":\"ImageObject\",\"inLanguage\":\"de\",\"@id\":\"https:\\\/\\\/shrazvoj.dev-acenta.si\\\/namestitve\\\/apartmaji-jezerci-bled\\\/#primaryimage\",\"url\":\"https:\\\/\\\/shrazvoj.dev-acenta.si\\\/wp-content\\\/uploads\\\/media\\\/clients\\\/gallery\\\/gallery-18l_3602-edit-45.jpg\",\"contentUrl\":\"https:\\\/\\\/shrazvoj.dev-acenta.si\\\/wp-content\\\/uploads\\\/media\\\/clients\\\/gallery\\\/gallery-18l_3602-edit-45.jpg\",\"width\":2250,\"height\":1502},{\"@type\":\"BreadcrumbList\",\"@id\":\"https:\\\/\\\/shrazvoj.dev-acenta.si\\\/namestitve\\\/apartmaji-jezerci-bled\\\/#breadcrumb\",\"itemListElement\":[{\"@type\":\"ListItem\",\"position\":1,\"name\":\"Home\",\"item\":\"https:\\\/\\\/shrazvoj.dev-acenta.si\\\/\"},{\"@type\":\"ListItem\",\"position\":2,\"name\":\"Namestitve\",\"item\":\"https:\\\/\\\/shrazvoj.dev-acenta.si\\\/namestitve\\\/\"},{\"@type\":\"ListItem\",\"position\":3,\"name\":\"Apartmaji Jezerci\"}]},{\"@type\":\"WebSite\",\"@id\":\"https:\\\/\\\/shrazvoj.dev-acenta.si\\\/#website\",\"url\":\"https:\\\/\\\/shrazvoj.dev-acenta.si\\\/\",\"name\":\"Sloveniaholidays.com\",\"description\":\"\",\"potentialAction\":[{\"@type\":\"SearchAction\",\"target\":{\"@type\":\"EntryPoint\",\"urlTemplate\":\"https:\\\/\\\/shrazvoj.dev-acenta.si\\\/?s={search_term_string}\"},\"query-input\":{\"@type\":\"PropertyValueSpecification\",\"valueRequired\":true,\"valueName\":\"search_term_string\"}}],\"inLanguage\":\"de\"}]}<\/script>\n<!-- \/ Yoast SEO plugin. -->","yoast_head_json":{"title":"Apartments Jezerci - Sloveniaholidays.com","description":"Die Apartments Jezerci befinden sich in einem wundersch\u00f6nen Alpenhaus mit gemeinsamem Garten und vier Apartments f\u00fcr bis zu 14 Personen.","robots":{"index":"noindex","follow":"follow","max-snippet":"max-snippet:-1","max-image-preview":"max-image-preview:large","max-video-preview":"max-video-preview:-1"},"og_locale":"de_DE","og_type":"article","og_title":"Apartmaji Jezerci - Sloveniaholidays.com","og_description":"Apartmaji Jezerci se nahajajo v \u010dudoviti alpski hi\u0161i s skupnim vrtom s \u0161tirimi apartmaji do 14 oseb.","og_url":"https:\/\/shrazvoj.dev-acenta.si\/de\/unterkuenfte\/appartement-jezerci-bled\/","og_site_name":"Sloveniaholidays.com","article_modified_time":"2026-08-21T13:16:26+00:00","og_image":[{"width":2250,"height":1502,"url":"https:\/\/shrazvoj.dev-acenta.si\/wp-content\/uploads\/media\/clients\/gallery\/gallery-18l_3602-edit-45.jpg","type":"image\/jpeg"}],"twitter_card":"summary_large_image","twitter_misc":{"Est. reading time":"1\u00a0Minute"},"schema":{"@context":"https:\/\/schema.org","@graph":[{"@type":"WebPage","@id":"https:\/\/shrazvoj.dev-acenta.si\/namestitve\/apartmaji-jezerci-bled\/","url":"https:\/\/shrazvoj.dev-acenta.si\/namestitve\/apartmaji-jezerci-bled\/","name":"Apartments Jezerci - Sloveniaholidays.com","isPartOf":{"@id":"https:\/\/shrazvoj.dev-acenta.si\/#website"},"primaryImageOfPage":{"@id":"https:\/\/shrazvoj.dev-acenta.si\/namestitve\/apartmaji-jezerci-bled\/#primaryimage"},"image":{"@id":"https:\/\/shrazvoj.dev-acenta.si\/namestitve\/apartmaji-jezerci-bled\/#primaryimage"},"thumbnailUrl":"https:\/\/shrazvoj.dev-acenta.si\/wp-content\/uploads\/media\/clients\/gallery\/gallery-18l_3602-edit-45.jpg","datePublished":"2017-06-27T08:12:34+00:00","dateModified":"2026-08-21T13:16:26+00:00","description":"Die Apartments Jezerci befinden sich in einem wundersch\u00f6nen Alpenhaus mit gemeinsamem Garten und vier Apartments f\u00fcr bis zu 14 Personen.","breadcrumb":{"@id":"https:\/\/shrazvoj.dev-acenta.si\/namestitve\/apartmaji-jezerci-bled\/#breadcrumb"},"inLanguage":"de","potentialAction":[{"@type":"ReadAction","target":["https:\/\/shrazvoj.dev-acenta.si\/namestitve\/apartmaji-jezerci-bled\/"]}]},{"@type":"ImageObject","inLanguage":"de","@id":"https:\/\/shrazvoj.dev-acenta.si\/namestitve\/apartmaji-jezerci-bled\/#primaryimage","url":"https:\/\/shrazvoj.dev-acenta.si\/wp-content\/uploads\/media\/clients\/gallery\/gallery-18l_3602-edit-45.jpg","contentUrl":"https:\/\/shrazvoj.dev-acenta.si\/wp-content\/uploads\/media\/clients\/gallery\/gallery-18l_3602-edit-45.jpg","width":2250,"height":1502},{"@type":"BreadcrumbList","@id":"https:\/\/shrazvoj.dev-acenta.si\/namestitve\/apartmaji-jezerci-bled\/#breadcrumb","itemListElement":[{"@type":"ListItem","position":1,"name":"Home","item":"https:\/\/shrazvoj.dev-acenta.si\/"},{"@type":"ListItem","position":2,"name":"Namestitve","item":"https:\/\/shrazvoj.dev-acenta.si\/namestitve\/"},{"@type":"ListItem","position":3,"name":"Apartmaji Jezerci"}]},{"@type":"WebSite","@id":"https:\/\/shrazvoj.dev-acenta.si\/#website","url":"https:\/\/shrazvoj.dev-acenta.si\/","name":"Sloveniaholidays.com","description":"","potentialAction":[{"@type":"SearchAction","target":{"@type":"EntryPoint","urlTemplate":"https:\/\/shrazvoj.dev-acenta.si\/?s={search_term_string}"},"query-input":{"@type":"PropertyValueSpecification","valueRequired":true,"valueName":"search_term_string"}}],"inLanguage":"de"}]}},"_links":{"self":[{"href":"https:\/\/shrazvoj.dev-acenta.si\/de\/wp-json\/wp\/v2\/nastanitev\/24679","targetHints":{"allow":["GET"]}}],"collection":[{"href":"https:\/\/shrazvoj.dev-acenta.si\/de\/wp-json\/wp\/v2\/nastanitev"}],"about":[{"href":"https:\/\/shrazvoj.dev-acenta.si\/de\/wp-json\/wp\/v2\/types\/nastanitev"}],"wp:featuredmedia":[{"embeddable":true,"href":"https:\/\/shrazvoj.dev-acenta.si\/de\/wp-json\/wp\/v2\/media\/44304"}],"wp:attachment":[{"href":"https:\/\/shrazvoj.dev-acenta.si\/de\/wp-json\/wp\/v2\/media?parent=24679"}],"wp:term":[{"taxonomy":"category","embeddable":true,"href":"https:\/\/shrazvoj.dev-acenta.si\/de\/wp-json\/wp\/v2\/categories?post=24679"},{"taxonomy":"kraj","embeddable":true,"href":"https:\/\/shrazvoj.dev-acenta.si\/de\/wp-json\/wp\/v2\/kraj?post=24679"},{"taxonomy":"regija","embeddable":true,"href":"https:\/\/shrazvoj.dev-acenta.si\/de\/wp-json\/wp\/v2\/regija?post=24679"}],"curies":[{"name":"wp","href":"https:\/\/api.w.org\/{rel}","templated":true}]}}

<p><strong>Apartments Jezerci</strong>&nbsp; befinden sich in einem wunderschönen Alpenhaus mit Gemeinschaftsgarten, von dem aus sich Blicke auf die Karawanken öffnen, und zwar nur <strong>500 m von der Bleder Promenade</strong> in einer ruhigen Siedlung. Bis ins Zentrum von Bled, wo sich Restaurants, Bars und die übrige Infrastruktur befinden, sind es nur 5 Gehminuten. </p>
<p> Das gesamte Haus hat 5 Schlafzimmer (drei mit Doppelbett und zwei mit zwei Einzelbetten) für 14 Personen. Der Garten, der von allen Apartments gemeinsam genutzt wird, hat einen Grillplatz und eignet sich hervorragend zum Entspannen am Abend.</p>
<p>Die Apartments Jezerci bieten eine komfortable, hochwertige Ferienunterkunft der mittleren Kategorie mit vier Apartments für bis zu 14 Personen. </p>
<p> Alle Apartments befinden sich im ersten Stock. Apartments <span>1</span>, <span>2</span> und <span>4</span> sind Zweizimmerapartments mit einem Schlafzimmer mit Doppelbett, einer offenen Küche mit Wohnzimmer und Essbereich sowie einem Bad. </p>
<p> <span>Apartment 3</span> hat zwei Schlafzimmer (ein Schlafzimmer mit Doppelbett sowie ein Schlafzimmer mit zwei Einzelbetten), eine große offene Küche, ein Wohnzimmer und ein Esszimmer, ein Badezimmer sowie einen Balkon mit offenem Blick auf die Villen und die Siedlung. Die Küchen sind vollständig mit Herd, Mikrowelle, Kühlschrank mit Gefrierfach, Toaster sowie Wasserkocher ausgestattet. Im Apartment 3 gibt es auch einen Backofen. Alle Apartments teilen sich einen großen Garten mit Grillplatz und gemeinsamem Aufenthaltsbereich.<br /> &nbsp;</p>
<p>Apartments Jezerci Bled, Apartments Bled.</p>
<p>&nbsp;</p>
<p>&nbsp;</p>
<p>&nbsp;</p>

<!-- This site is optimized with the Yoast SEO plugin v28.3 - https://yoast.com/product/yoast-seo-wordpress/ -->
<title>Apartmaji Jezerci - Sloveniaholidays.com</title>
<meta name="description" content="Apartmaji Jezerci se nahajajo v čudoviti alpski hiši s skupnim vrtom s štirimi apartmaji do 14 oseb." />
<meta name="robots" content="noindex, follow, max-snippet:-1, max-image-preview:large, max-video-preview:-1" />
<meta property="og:locale" content="de_DE" />
<meta property="og:type" content="article" />
<meta property="og:title" content="Apartmaji Jezerci - Sloveniaholidays.com" />
<meta property="og:description" content="Apartmaji Jezerci se nahajajo v čudoviti alpski hiši s skupnim vrtom s štirimi apartmaji do 14 oseb." />
<meta property="og:url" content="https://shrazvoj.dev-acenta.si/de/unterkuenfte/appartement-jezerci-bled/" />
<meta property="og:site_name" content="Sloveniaholidays.com" />
<meta property="article:modified_time" content="2026-08-21T13:16:26+00:00" />
<meta property="og:image" content="https://shrazvoj.dev-acenta.si/wp-content/uploads/media/clients/gallery/gallery-18l_3602-edit-45.jpg" />
	<meta property="og:image:width" content="2250" />
	<meta property="og:image:height" content="1502" />
	<meta property="og:image:type" content="image/jpeg" />
<meta name="twitter:card" content="summary_large_image" />
<meta name="twitter:label1" content="Est. reading time" />
	<meta name="twitter:data1" content="1 Minute" />
<script type="application/ld+json" class="yoast-schema-graph">{"@context":"https:\/\/schema.org","@graph":[{"@type":"WebPage","@id":"https:\/\/shrazvoj.dev-acenta.si\/namestitve\/apartmaji-jezerci-bled\/","url":"https:\/\/shrazvoj.dev-acenta.si\/namestitve\/apartmaji-jezerci-bled\/","name":"Apartmaji Jezerci - Sloveniaholidays.com","isPartOf":{"@id":"https:\/\/shrazvoj.dev-acenta.si\/#website"},"primaryImageOfPage":{"@id":"https:\/\/shrazvoj.dev-acenta.si\/namestitve\/apartmaji-jezerci-bled\/#primaryimage"},"image":{"@id":"https:\/\/shrazvoj.dev-acenta.si\/namestitve\/apartmaji-jezerci-bled\/#primaryimage"},"thumbnailUrl":"https:\/\/shrazvoj.dev-acenta.si\/wp-content\/uploads\/media\/clients\/gallery\/gallery-18l_3602-edit-45.jpg","datePublished":"2017-06-27T08:12:34+00:00","dateModified":"2026-08-21T13:16:26+00:00","description":"Apartmaji Jezerci se nahajajo v čudoviti alpski hiši s skupnim vrtom s štirimi apartmaji do 14 oseb.","breadcrumb":{"@id":"https:\/\/shrazvoj.dev-acenta.si\/namestitve\/apartmaji-jezerci-bled\/#breadcrumb"},"inLanguage":"de","potentialAction":[{"@type":"ReadAction","target":["https:\/\/shrazvoj.dev-acenta.si\/namestitve\/apartmaji-jezerci-bled\/"]}]},{"@type":"ImageObject","inLanguage":"de","@id":"https:\/\/shrazvoj.dev-acenta.si\/namestitve\/apartmaji-jezerci-bled\/#primaryimage","url":"https:\/\/shrazvoj.dev-acenta.si\/wp-content\/uploads\/media\/clients\/gallery\/gallery-18l_3602-edit-45.jpg","contentUrl":"https:\/\/shrazvoj.dev-acenta.si\/wp-content\/uploads\/media\/clients\/gallery\/gallery-18l_3602-edit-45.jpg","width":2250,"height":1502},{"@type":"BreadcrumbList","@id":"https:\/\/shrazvoj.dev-acenta.si\/namestitve\/apartmaji-jezerci-bled\/#breadcrumb","itemListElement":[{"@type":"ListItem","position":1,"name":"Home","item":"https:\/\/shrazvoj.dev-acenta.si\/"},{"@type":"ListItem","position":2,"name":"Namestitve","item":"https:\/\/shrazvoj.dev-acenta.si\/namestitve\/"},{"@type":"ListItem","position":3,"name":"Apartmaji Jezerci"}]},{"@type":"WebSite","@id":"https:\/\/shrazvoj.dev-acenta.si\/#website","url":"https:\/\/shrazvoj.dev-acenta.si\/","name":"Sloveniaholidays.com","description":"","potentialAction":[{"@type":"SearchAction","target":{"@type":"EntryPoint","urlTemplate":"https:\/\/shrazvoj.dev-acenta.si\/?s={search_term_string}"},"query-input":{"@type":"PropertyValueSpecification","valueRequired":true,"valueName":"search_term_string"}}],"inLanguage":"de"}]}</script>
<!-- / Yoast SEO plugin. -->

Die Apartments Jezerci befinden sich in einem wunderschönen Alpenhaus mit gemeinsamem Garten und vier Apartments für bis zu 14 Personen.

Apartmaji Jezerci se nahajajo v čudoviti alpski hiši s skupnim vrtom s štirimi apartmaji do 14 oseb.
